te the remainder when (-2463)/(-39) - (-2)/k is divided by 13.
11
Let t be (3 + -4)*(0 - 1). Suppose -o - t + 4 = 0. Suppose o*c + 2*c - 95 = 0. What is the remainder when c is divided by 7?
5
Let g(c) = -c**3 - 9*c**2 + 8*c - 14. Let y be (8/6)/(10/(-75)). Calculate the remainder when 16 is divided by g(y).
4
Let m(z) = -16*z - 3. Calculate the remainder when m(-1) is divided by 5.
3
Let u = 42 + -23. Calculate the remainder when u is divided by 10.
9
Let v be 4/(-8) - 1/(-2). Suppose 15 = -v*l + l. Calculate the remainder when 29 is divided by l.
14
Let m = -19 - -31. Let n = -3 - -61. Calculate the remainder when n is divided by m.
10
Let m = -50 - -76. What is the remainder when m is divided by 10?
6
Let m(d) = -13*d - 1. Let g be ((-12)/10)/((-6)/(-20)). Let c be m(g). Suppose -s = 2*s - c. Calculate the remainder when s is divided by 9.
8
Let u = 7 - 3. Suppose u*l = 2*l + 32. Suppose 3*y + l = 4*y. Calculate the remainder when y is divided by 9.
7
Let r = 1 + 4. Let k(v) = -v**3 - 6*v**2 - v. Let z be k(-6). Let i(o) = o**2 - 4*o + 2. Calculate the remainder when i(z) is divided by r.
4
Suppose 2*j - 35 = -1. Let n be 5*-2*2/4. Let z = j + n. Calculate the remainder when z is divided by 7.
5
Let u = 23 + -19. What is the remainder when 4 is divided by u?
0
Let t(r) = -7*r - 1. What is the remainder when t(-2) is divided by 4?
1
Let x be (-1)/(-3)*22*-3. Suppose -4*u + 24 = -0*u. Calculate the remainder when (x/6)/(3/(-9)) is divided by u.
5
Suppose 10 = 2*n + 3*n, 0 = 4*d + 2*n - 16. What is the remainder when 10 is divided by d?
1
Suppose -5*y + 27 + 23 = 0. Calculate the remainder when y is divided by 4.
2
Let z(n) = 2*n**3 + 4*n**2 - 1. Let t be z(-4). What is the remainder when 0 - t/1*1 is divided by 17?
14
Let d(y) = 3*y + 2. Let s be d(-2). What is the remainder when (17/s)/(4/(-16)) is divided by 9?
8
Suppose 2*m = m + 3. Suppose m*x - 5*o = 9, 5*x + 0*o - 3*o = 15. Let j(g) = 2*g - 12. Calculate the remainder when j(8) is divided by x.
1
Suppose -37 + 167 = 5*z. Suppose -r - 5 = -5*x, x = -r + 3*r + 1. Suppose -4*f + 5*n + 0*n + 76 = r, n + 18 = f. What is the remainder when z is divided by f?
12
Suppose -5*d + 2 + 203 = -2*h, 41 = d + h. Calculate the remainder when d is divided by 11.
8
Suppose 5*u - 88 = 4*d - 14, 2*u = -5*d + 56. What is the remainder when 2/(-4) + (-107)/(-2) is divided by u?
17
Suppose 14 = 3*c - 88. Calculate the remainder when 99 is divided by c.
31
Let v(n) = 2*n**2 - 1. What is the remainder when v(6) is divided by 18?
17
Let z(b) = -2*b**3 - 7*b**2 - 5*b - 9. What is the remainder when z(-5) is divided by 31?
29
Suppose 0 = -4*l + 9*l - 55. Calculate the remainder when 21 is divided by l.
10
Suppose 7 = -q - 4*d, q + d + 10 = -4*d. Let x = q - -2. Suppose x*j + l - 55 = 3*j, 9 = 3*l. What is the remainder when 37 is divided by j?
11
Let h(x) = -5*x + 0*x - x + 3*x. Let s = -4 - 2. Calculate the remainder when 70 is divided by h(s).
16
Suppose -10 = -8*d + 3*d. Suppose 14 = 4*b - 14. What is the remainder when b is divided by d?
1
Calculate the remainder when 54 is divided by (-45)/60 + (-59)/(-4).
12
Let s(q) = -4*q - 1. Let m be 8/12*4*-3. Calculate the remainder when s(m) is divided by 11.
9
Suppose 0 = -3*t + 47 + 34. What is the remainder when t is divided by 11?
5
What is the remainder when 3 - (-19)/(38/120) is divided by 8?
7
Let l = -7 - -9. What is the remainder when 5 is divided by l?
1
Suppose 28 + 142 = 5*k. Let h = k + -18. Suppose -4*t = 2*b - 96, 0 = 5*b + t + 41 - 272. What is the remainder when b is divided by h?
14
Let x = -20 - -31. Let c = 44 - 25. Calculate the remainder when 0 + c + (0 - -1) is divided by x.
9
Let c(z) = 3*z**3 + 2*z**2 - 1. Let i be c(1). Suppose 2*y - i = 2. Suppose y = l - 11. Calculate the remainder when 25 is divided by l.
11
Suppose 3*r - 143 = 2*l, -2*l = -4*l - 8. What is the remainder when 222 is divided by r?
42
Suppose 4*s - 4 = -24. Suppose 0 = z - 3*z + 14. Calculate the remainder when z is divided by 1*s*(-16 + 15).
2
What is the remainder when 419/6 + (-5)/(-30) is divided by 36?
34
What is the remainder when (-10)/15 - 262/(-6) is divided by 22?
21
Let t be (-10)/4*-2 - 3. What is the remainder when 17 is divided by 8/(3 - t) + 1?
8
Suppose -2*s - 1 = 3*g - s, -8 = -4*g + s. Calculate the remainder when 21 is divided by -3 - (g + -2) - -14.
9
Let v = -75 + 122. What is the remainder when v is divided by 8?
7
Suppose 2*b = 4*n - b - 27, 4*n = -4*b + 20. Let s(f) = f**2 - f + 4. What is the remainder when s(-3) is divided by n?
4
Suppose 29*a + 140 = 34*a. Calculate the remainder when a is divided by 6.
4
Let j = 30 + -18. What is the remainder when j is divided by 7?
5
Let d = 162 + -122. What is the remainder when 119 is divided by d?
39
Let s(v) = -2*v - 3. Let d(y) = y**2 + 9*y + 6. Let b be d(-8). What is the remainder when 2 is divided by s(b)?
0
Suppose 3*d + 1 - 13 = 0. Let z = 8 - d. Suppose 2*i - 11 = -5*q, -q - 3 = -z*q - 3*i. What is the remainder when 7 is divided by q?
1
Suppose 12 = 2*z - 24. Suppose -3*b - 4*c + z = 0, -b - 4*c - 2 = -0. What is the remainder when (-29)/(-3 - (-4 + 2)) is divided by b?
9
Let s = 2 - -7. Suppose 0 = -2*q + 17 + 15. Calculate the remainder when q is divided by s.
7
Let y = -14 + 24. Suppose -t + y = -4. Calculate the remainder when t is divided by 8.
6
Let s(o) = o**2 - 8*o - 4. Let r = 18 + -9. Let z = 4 - 1. Calculate the remainder when s(r) is divided by z.
2
Suppose s + 106 = -0*w + w, -5*s = -w + 90. What is the remainder when w is divided by 38?
34
Suppose -5*p + 374 = g, -122 = -3*p + g + 96. Calculate the remainder when p is divided by 19.
17
Let q(w) = -1 + 3*w**3 + w + 2*w**2 + w**2 - 4*w**2. Let k be q(1). Suppose d - 4 = k*d, 16 = -2*p - 5*d. What is the remainder when 2 is divided by p?
0
Suppose w - 4*f = 4*w - 26, -44 = -2*w + 4*f. What is the remainder when 67 is divided by w?
11
Suppose -33 = -2*i - 21. Suppose 0*m = -m + 4. What is the remainder when i is divided by m?
2
Let f(k) be the second derivative of -2*k**3/3 + k**2/2 - 2*k. What is the remainder when f(-4) is divided by 6?
5
Let j = 55 - 2. Calculate the remainder when j is divided by 8.
5
Let j(r) = 51*r - 2. Calculate the remainder when j(1) is divided by 10.
9
Suppose -32 = -4*v + 2*c, -4*v + 6*c + 38 = c. What is the remainder when v is divided by ((-56)/16 + 2)*(-10)/3?
2
Suppose -158 = -5*c + 137. Calculate the remainder when c is divided by (-20)/(2/(-4)*2).
19
Let l(c) = 2*c**2 + 3*c + 3. Let y be l(-2). Suppose 2*o - y = -1. Suppose o*j = -3*j + 215. What is the remainder when j is divided by 15?
13
Let p(h) = -17*h**2 - 2*h + 1. Let r be p(1). What is the remainder when 8 is divided by r/(-3) - (-5 + 8)?
2
Suppose -4*p - 5*s + s + 52 = 0, 0 = -5*s - 25. What is the remainder when 88 is divided by p?
16
What is the remainder when 46/69 - 284/(-6) is divided by 25?
23
Let c(g) = 17*g - 2. Calculate the remainder when c(4) is divided by 23.
20
Let h(o) = -35*o - 10. Let q be h(-7). Suppose -4*x - 51 = -q. Calculate the remainder when x is divided by 24.
22
Suppose b = 5*i + 11, -b - 2 = -5*b - i. Let w be ((-10)/(-30))/(b/9). Suppose w*p = -u + 4, u = p - 0*p - 8. What is the remainder when 8 is divided by p?
2
Suppose -j + 1915 = 5*z + 4*j, 0 = -z + j + 379. Let x be (-62)/(-4) - (-4)/(-8). What is the remainder when (-6)/x + z/15 is divided by 9?
7
Let c(f) = 4*f - 5. Let a be c(5). Calculate the remainder when (-22)/(-5) - 6/a is divided by (-2 - -1)*(5 - 8).
1
Let u(i) = i**3 - i**2 + 62 + i + 0*i**2 - 50. Let k = 4 - -3. Calculate the remainder when u(0) is divided by k.
5
Suppose -v + 3*h = -32 - 20, 2*v - 4*h = 110. Calculate the remainder when v is divided by 16.
13
Suppose -s + 5*r - 6 = 2*s, 0 = -4*s - 3*r + 21. Let d = 3 + 1. Suppose d*g + 8 = 3*i, 4*i - 4*g - 15 = -3. Calculate the remainder when i is divided by s.
1
Let n(m) = 10*m**3 - m**2 + 2*m - 1. Let y be n(1). Let h = -7 + y. Suppose 0 = h*s - 0*s - 3. What is the remainder when s is divided by 1?
0
What is the remainder when 26 is divided by -5*7/(175/(-55))?
4
Suppose 4*j - 233 = -5*u, -2*j + 5*u - u + 110 = 0. What is the remainder when j is divided by 15?
12
Suppose 0 = -0*o - 2*o + 50. Let x = 36 - 22. What is the remainder when o is divi